e j(t).
5
Let p(g) = g + g**2 - 310 + 305 - 2*g. Give p(-3).
7
Let p(m) be the first derivative of -m**4/4 + 2*m**3/3 - m**2 + m + 49. What is p(3)?
-14
Let j(b) = -8*b + 1. Suppose -31 = 4*v - 39, -2*s + 16 = 2*v. Determine j(s).
-47
Let p(q) = -q**3 - 9*q**2 + q + 8. Let c(g) = -17*g - 77. Let f be c(-4). Give p(f).
-1
Let j(k) = 2*k + 3. Let a be 80/(-15) + (-8)/(-6). Give j(a).
-5
Let c be ((-2)/(-4))/(2/(38 + 2)). Let b be (c/4)/((-13)/26). Let m(w) = -w**2 - 6*w - 1. What is m(b)?
4
Let m(q) be the first derivative of -q**3/3 + 11*q**2/2 + 7*q + 50. Determine m(12).
-5
Let p(u) = -u + 2. Suppose 3*w - 3 = 3*g, 9 = -w - 4*g + 30. What is p(w)?
-3
Let b(f) = -f**2 + 12*f - 10. Suppose -6*v - 68 = -11*v - 3*m, -3*m = v - 16. Give b(v).
-23
Let d(f) = 4*f - 5. Let t(r) = -14 + 48 - 13 - 15 - 2*r. Let p be t(0). Determine d(p).
19
Let s(i) = -3*i - 3. Let x(t) = 2 + 76*t - 76*t - t**2. Suppose 10 - 4 = -3*a. Let o be x(a). Determine s(o).
3
Let t = 60 - 33. Let s = t - 18. Let b = s + -16. Let i(w) = -w**2 - 8*w - 2. What is i(b)?
5
Let j(b) = -24 + 16 + b + 4 - b**2. Calculate j(-4).
-24
Let o be (-3 + 33/15)*-10. Let h = -14 + o. Let t = h - -7. Let q(c) = 9*c**2 - 2*c + 1. Calculate q(t).
8
Suppose -h = 3*h. Suppose -3*l - n + 9 = h, 5 = 2*l - n - 1. Suppose 3*q + 9 = l. Let j(b) = -5*b - 1. What is j(q)?
9
Suppose 4*f + 3*d - 6 = 0, 2*d + 11 = 5*f - 8. Let h(w) be the first derivative of 2*w**2 + 7*w - 4*w**2 + w**2 + f + 7. Give h(6).
-5
Let x(b) = -4*b - 3. Let m(n) = -4*n - 4. Let u(z) = -2*m(z) + 3*x(z). Let d be (690/(-2185))/(4/(-38)). Determine u(d).
-13
Let g(x) = -4*x - 7. Let z(k) = 2 - 9 - 8*k + 3*k. Let s(w) = -4*g(w) + 3*z(w). Calculate s(-5).
2
Let w(c) = -3 - 3*c + c + 3*c. Let o(x) = x**2 - 10*x - 8. Let d be o(11). Let n be -12*(d + 30/(-9)). What is w(n)?
1
Let r(p) = -p**3 + 6*p**2 + 10*p - 7. Let l(z) = 2*z - 7. Suppose -32 = 2*x - 46. Let y be l(x). Determine r(y).
14
Suppose -b - i + 3 = -0*b, 4*i - 4 = 0. Let v(n) = n - 6*n - 2*n**2 + 7*n + n**b - 4. Let o(l) = -l**2 - 5*l - 1. Let m be o(-4). Calculate v(m).
-7
Suppose 4*n - 5*u = 8*n - 12, 2*n + 12 = 2*u. Let q(k) = 8*k + 12. What is q(n)?
-4
Let m(z) = z**3 + z**2 - z + 1. Suppose -2*w = v - 10, -5*w + 16 = 2*v - 7. Let i(r) = r**3 - 4*r**2 - r + 4. Let p be i(v). What is m(p)?
1
Let j(k) = -9*k**2 + 12*k + 13. Let d(w) be the first derivative of 5*w**3/3 - 3*w**2 - 6*w - 24. Let y(a) = -7*d(a) - 4*j(a). Determine y(8).
6
Let z = 5 + 0. Let g(m) = 0*m + m**2 - 2*m - 3 + 0*m - 3. Calculate g(z).
9
Let o(i) = 4*i**2 - 12*i - 15. Let v be o(5). Let r be 1/(-1) - 5/(-1). Suppose -r*p - 3 = v. Let k(f) = f + 4. Give k(p).
-3
Let n(p) = -p**3 - 5*p**2 - 2*p - 4. Let b(r) = r**3 + 13*r**2 - 15*r - 19. Suppose 5*k + 104 = 34. Let x be b(k). Calculate n(x).
6
Let f(o) = -6*o - 1. Let h(u) = u**2 + 2*u - 5. Let y be h(-4). Let p(m) = -1 + 3 - 2*m - m**2 + 0*m**y - 4*m**3 + 3*m**3. Let l be p(0). Determine f(l).
-13
Let h(j) = -2*j - 10. Let q(y) = 8*y + 41. Let n(s) = 9*h(s) + 2*q(s). Let c(g) = 4*g - 2. Let m be c(1). Let f = -4 - m. Determine n(f).
4
Let b(w) be the second derivative of -w**5/60 - 5*w**4/24 - w**3/6 - 3*w**2 + 6*w. Let g(t) be the first derivative of b(t). Give g(-7).
-15
Let k(x) be the third derivative of -x**4/24 - x**3/3 + 970*x**2. Let a(p) be the third derivative of p**4/24 + p**3/3 - p**2. Let c be a(-2). What is k(c)?
-2
Let q(l) = 2*l + 13. Let s(i) = -3*i - 17. Let n(u) = 4*q(u) + 3*s(u). Let h = 8 + -5. Suppose -h*k - 2*r + 12 = k, -4*k = -3*r - 22. Determine n(k).
-3
Let r = 5 + -10. Let x(j) be the first derivative of -j**4/4 - 2*j**3 - 5*j**2/2 + 5*j + 2. What is x(r)?
5
Let t(v) = 3*v**3 - 26*v**2 + 6*v + 5. Let b(r) = -2*r**3 + 17*r**2 - 4*r - 3. Let n(z) = 8*b(z) + 5*t(z). Determine n(6).
-11
Let s be 1 + (-4 - (1 - 2)). Let q be (4 - 3)*(-15)/3. Let n be (q - -9) + (-1 - s). Let a(m) = -3*m + 3. Determine a(n).
-12
Let j = 16 - 15. Let y(n) = -2*n - j - 10 + 15 + 3*n. Suppose 2*m - 6*m = 0. Give y(m).
4
Suppose 3*z + 9 = -3*m - 0*m, -2*z = -4*m - 6. Let t(f) = 2*f. Let p be t(1). Let j(r) = -4*r - r**2 + 3*r**2 - 2*r - p + 8*r. Determine j(m).
2
Let j(s) = -s**3 - 7*s**2 - 7*s. Let z = -159 + 259. Let h = 94 - z. Give j(h).
6
Suppose 5*g + 2*l - 7 = 0, -2*g - 2*g + 2*l = -20. Let z(b) = g*b + 8*b**2 - 3*b**2 - 4*b**2 - 1 - 4*b. Let w be (-5 - -6) + 2/2. Calculate z(w).
1
Let t(f) = f**3 - 6*f**2 - 7*f - 4. Let o be 6/2 - 26/2. Let i be 4/o + (-37)/(-5). Determine t(i).
-4
Let d(f) = 2*f + 9. Let c(n) = -n**3 - 7*n**2 - 6*n - 5. Let x be c(-6). Let j = -3 + x. What is d(j)?
-7
Let h(b) = 5*b. Suppose 13*t = -25 - 27. Let y(f) = -6*f + 1. Let p(c) = t*y(c) - 5*h(c). Calculate p(-9).
5
Let t = 18 + 3. Suppose -z - 2*z + 94 = 5*a, 4*a - 20 = 0. Let l = t - z. Let s(n) = -4*n - 1. Determine s(l).
7
Let o be -14 + (3 - 0)/1. Let z = o - -13. Let j(i) = i**2 + 0 + 4 - z. Give j(3).
11
Let v(n) = n**2 + n - 5. Suppose 0*g - 10*g - 20 = 0. Let t = -17 - -12. Let d be -1 + g + (t - -4). Give v(d).
7
Suppose -3*g = 3*b - 30, g - 2*b + 5 = -0*g. Let u(j) = g - 13*j - 6 + j**3 + 11*j. Determine u(2).
3
Let f(s) be the first derivative of -s**7/105 - s**6/360 + s**5/120 + s**4/24 + 17*s**3/3 + 27. Let z(c) be the third derivative of f(c). Give z(-1).
7
Suppose -401*l - 391 = -378*l. Let p(j) = j**2 + 17*j + 7. Calculate p(l).
7
Let y be (-2)/(16/6) - 496/(-64). Let f(p) = 4*p**3 - 9*p**2 - 5*p + 3. Let x(o) = o**3 - o**2 + o. Let u(a) = -f(a) + 3*x(a). Give u(y).
4
Let g(d) = -4*d**2 + 721 + 726 - 1451 + 3*d + d**3. Let t be 6/21 - (-104)/28. What is g(t)?
8
Let g(s) = 2*s**3 + 4*s**2 - s - 4. Let w(z) = 3*z**3 + 8*z**2 - 2*z - 7. Let k(r) = 5*g(r) - 3*w(r). Let p = 3431 + -3427. Give k(p).
5
Suppose 19 = -5*s - i, 2*s + s + i = -11. Suppose -6 = -5*o + 4. Let r(k) = -3*k + 4*k**2 - 3*k**2 - 4*k**2 - k**o - k**3 - 2. Calculate r(s).
10
Let s(d) = d + 2. Let k(v) = 4*v + 5. Let j(z) = 2*k(z) - 7*s(z). Let x(l) = 10*l**3 + l. Let a be x(1). Let f = -5 + a. Determine j(f).
2
Let s be ((-4)/(-8))/((-6)/(-4) - 2). Let f(a) = -9*a**2 + 1. Give f(s).
-8
Let h = 584 - 568. Let s(x) = x**2 - 13*x - 1. Determine s(h).
47
Suppose 5*c - 2296 = -9*c. Suppose -s - 167 = -c. Let y(g) = g**3 + 3*g**2 + 2. What is y(s)?
2
Let b(x) = 3*x**3 + x**2 - 1. Let q = -7 + -5. Let i be -3 - 3/(q/16). Calculate b(i).
3
Let n(t) = 7*t**2 + 7*t - 1. Suppose 4*h = r + 2*r - 19, 4*h - 4*r + 24 = 0. Let y(g) = g**2 + g. Let w(i) = h*n(i) + 6*y(i). Calculate w(0).
1
Let y(l) = -3*l + 8. Suppose -11*j - 1894 = -2015. Calculate y(j).
-25
Let x(d) = -d**3 - 13*d**2 - 11*d - 1. Suppose 19*i = 17*i - 24. What is x(i)?
-13
Let v = -99 - -107. Let k(c) = 3*c - 7. What is k(v)?
17
Let l(m) be the second derivative of 0 + 0*m**2 + 1/12*m**4 - 2/3*m**3 - 12*m. Determine l(4).
0
Let p(x) be the first derivative of -x**3/3 - 3*x**2 - 3*x + 532. Give p(-4).
5
Let m(c) = c - 1. Suppose 18*x - 14*x = 4. What is m(x)?
0
Let h(l) be the third derivative of l**5/60 - l**4/6 + l**3/2 - 114*l**2. Give h(6).
15
Let k(h) = -2*h**2 - 306 - 3*h + 309 + 0*h**2 + 0*h. Give k(-3).
-6
Let y(i) be the first derivative of i**3/3 + 7*i**2/2 + 2*i + 153. What is y(-5)?
-8
Let d(h) = h - 8. Let g be d(0). Let v(q) = -7*q**3 - 14*q**2 + 5*q - 2. Let y(j) = -15*j**3 - 29*j**2 + 11*j - 5. Let i(o) = -13*v(o) + 6*y(o). Calculate i(g).
-12
Let z = 203 + -145. Suppose 62 - z = -k. Let r(i) = -i**2 - 3*i - 2. Determine r(k).
-6
Let h(k) = -2*k**2 + 7*k + 1. Let n(w) be the second derivative of w**4/3 - 7*w**3/3 - w**2 + 7*w. Let f(m) = 7*h(m) + 3*n(m). Calculate f(5).
-14
Let p = 3 + -2. Let u(c) = -p + 4*c + c**3 - 3*c**2 + 0 + 0*c**2 - c**2. Let x = 40 - 37. Give u(x).
2
Let b(c) = -3*c + 2. Let m(z) = -z. Let i(y) = -b(y) + 4*m(y). Let h(o) = 2*o + 4. Let s(k) = 4*h(k) + 7*i(k). Calculate s(3).
5
Suppose 5*i - x + 0 = -4, 4*x - 16 = 3*i. Let w(l) = -1226*l**3 - l**2 + i*l**2 + 1215*l**3 + 1. Calculate w(1).
-11
Let o(v) = -v**2 - 7*v - 8. Let z = -51 + 52. Let h(f) = -2 + 2*f**2 - 7*f**3 + 1 + 0. Let r be h(z). Determine o(r).
-2
Let t(z) = -6*z - 5. Let i(l) = l**2 + 17*l - 203. Let f be i(-25). Give t(f).
13
Let b(t) = t - 1. Suppose 6*f + 13 = -7*f. Let r(h) = -h**3 + 3*h**2 + 5*h - 2. Let z(o) = f*r(o) + 4*b(o